7)/((-4)/(-56)). Suppose 2*h - r = -2*k - 0*k, -220 = -3*k - 4*h. What is the tens digit of k?
6
Let n = -593 - -817. What is the units digit of n?
4
Suppose -11*a = -15*a - 460. Let t = 47 - a. What is the hundreds digit of t?
1
Suppose -30*h = -1132 - 308. What is the units digit of h?
8
Suppose -1420 = -3*p - 502. Suppose -p = -5*j + 3*d, -5*j = d - 176 - 122. What is the tens digit of 3 + j + -2 + -2?
5
Let j(o) = 107*o**3 - 3*o**2 - 16*o + 18. What is the thousands digit of j(3)?
2
Let s(p) = -p**2 + 27*p - 52. Let a be s(22). Suppose a = 4*t - 26. What is the tens digit of t?
2
Suppose 3 = 5*m - 7. Suppose 284 = 13*r - 9*r. Suppose m*k = 5*b + r, -4*k = -0*k + b - 87. What is the units digit of k?
3
Let g(z) = -z. Let s be g(-5). What is the units digit of (64/s)/((-6)/(-15))?
2
Let t(z) be the first derivative of z**3/3 - 3*z**2/2 - 20*z - 24. What is the tens digit of t(11)?
6
Let k(d) = -d**3 - 11*d**2 - 10*d + 3. Let n be k(-10). Suppose -n*t = -4 - 8. Suppose -5*o = -t*u - 31 - 15, 0 = 2*o + 5*u - 25. What is the units digit of o?
0
Suppose 101*n = 41*n + 24300. What is the units digit of n?
5
Suppose 4*q = a + 4*a - 26, 3*a = 6. Let r(g) = 4*g - 38. Let m be r(15). Let u = q + m. What is the units digit of u?
8
Let a(f) = f**2 - 12*f + 4. Let c be a(11). Let j be (c/(-4))/((-10)/(-120)). Let m = j - -5. What is the tens digit of m?
2
Let v = 1835 + -987. What is the hundreds digit of v?
8
Let k(f) = f**3 - 7 + 3*f**2 - 5*f - 4 + 2 + 3*f**2. What is the units digit of k(-6)?
1
Let a(g) = 2*g**2 - 11*g - 1. Let l be a(8). Suppose 0 = -h + l - 9. Suppose n - 5*n = 3*p - 90, 4*n - h = -p. What is the units digit of p?
0
Suppose -2*p - 2*p - r = -64, -4*p = 4*r - 76. What is the hundreds digit of (p - 1)*(9 + 2) + -4?
1
Suppose 4*l + 16 = 0, -l - 901 = -4*q + 1187. What is the tens digit of q?
2
Suppose 5*j - 2*j = 48. Suppose 0*z = 4*f - 5*z - 20, 0 = -4*z - j. Suppose f = -n + 22 + 6. What is the tens digit of n?
2
Let k = 3332 + -938. What is the units digit of k?
4
Let r(m) = -m**3 - m**2 - 2*m + 5. Let i be r(-4). Let t = 12 + i. What is the units digit of t?
3
Suppose 6*s = 9*s - 2016. Suppose w - 5*c = -76 + 196, 0 = -5*w + c + s. What is the tens digit of w?
3
Suppose -5*f - 2*l = -1 - 67, -3*l = f - 11. Let w = 134 - f. What is the units digit of w?
0
Suppose 0 = 4*i - 0 - 56. Let c(p) = -p**3 + 13*p**2 + 13*p + 12. Let r be c(i). Let n = 8 + r. What is the units digit of n?
6
Let j = 7326 - 13822. What is the units digit of 10/65 - j/26?
0
Suppose -2*o + 0*o + 762 = 4*q, 3*q = 12. What is the units digit of o?
3
What is the tens digit of -5*3/(-45)*9 + 687?
9
Suppose -5*r + 2*r + 6 = 0. Suppose -r*z = -z. Suppose z = -5*g - 3 + 8. What is the units digit of g?
1
What is the thousands digit of (58/(-8))/((-8)/3200)?
2
Suppose 0 = 4*h + h - 80. Suppose 5*w = -v + 1 + 5, 5*v + h = -2*w. Suppose w*r = r + 8. What is the units digit of r?
8
Suppose 4*p = -5*c - 659, 7*c + 161 = -p + 2*c. Let v = p + 233. What is the units digit of v?
7
Let b be (12/(-7))/(21/147). What is the tens digit of (-4)/b*-3 + 83?
8
What is the units digit of (-9)/(-6)*(-290)/(-15)?
9
Let h(x) = x - 29. Let q be h(9). Let p = 65 + q. What is the tens digit of p?
4
Suppose -3*u - 2*u = -25. Suppose 6*j - 10 = u*j. What is the units digit of (23 + 7)/(4/j)?
5
Suppose 0 = -4*s - 137 - 327. What is the tens digit of (-3 - -9 - s) + (0 - 0)?
2
Suppose -l = 5*u - 883, 2316 = 2*l + 5*u + 565. What is the units digit of l?
8
Suppose 8*z + 166 = -1154. Let n = z + 214. What is the units digit of n?
9
Let i(u) = 2*u - 4. Let m be i(5). Suppose m*z - z = -15. What is the units digit of 5 + z/(6/2)?
4
Let s = -17 - -19. Suppose -2*l = g - 92, -s*l - 336 = -4*g + 72. What is the units digit of g?
0
Let l(k) = 1 - 1 - 5*k - 4 + k**2 + 0*k. Let q be l(6). Suppose 117 = 5*b + q*g, 3*g = -13 + 1. What is the tens digit of b?
2
Suppose 0 = 4*c - 2*t + 8, -5*c = 3*t + t - 16. Suppose -n + 0*n - 6 = c. What is the tens digit of ((-25)/(-4))/(n/(-24))?
2
What is the tens digit of (-323)/(1/(-9)*3)?
6
Suppose u + 5*h = -6 - 2, 2*h + 2 = -u. Suppose 2*i - 48 = -u*d, -2*i - 2*i + 3*d + 110 = 0. What is the tens digit of i?
2
Suppose 4*k - 14 = n, -4*n - 8 = -0. Suppose k*x - 11*x = -656. What is the units digit of x?
2
What is the tens digit of 4 - (-156 - (-8 - -12))?
6
Let b be ((-2)/(-3))/((-2)/(-12)). Suppose -63 = -b*d + 573. Suppose 0 = 5*g - d - 41. What is the tens digit of g?
4
Suppose -12200 = -36*z + 31*z. What is the units digit of z?
0
Let t = -8 + 14. Let g = t - 2. What is the units digit of 1/(g*3/24)?
2
Let z(w) = w**3 + 14*w**2 + 2. Let g be z(-14). Suppose -g*l = -4 - 0. What is the units digit of l?
2
Let i(u) = -12*u**2 + 2*u - 2. Let h be i(2). Let y = 131 + h. What is the units digit of y?
5
Let d(g) = -3*g + 2. Let w be d(-1). Suppose -3*m = -4*m + w. Suppose -k = l - 20, -2*k + 4*l + m = -41. What is the units digit of k?
1
Suppose 0 = -33*v + 19203 + 16602. What is the units digit of v?
5
Suppose -9 = 2*d - 17. What is the tens digit of (-5)/5 + d + 21?
2
What is the units digit of (-10)/15 + 2778/9?
8
Suppose 30 = -r + 6*r. Suppose -9*j + 12 = -r*j. Suppose i + 54 = j*i. What is the units digit of i?
8
Let u(p) = 2*p**2 + 10*p + 11. Let v = -19 - -24. Let m(z) = -z**3 + 4*z**2 + 4*z - 2. Let f be m(v). What is the units digit of u(f)?
9
Let j be (135/(-12))/(-1)*4. Let c = -158 + 150. Let d = j + c. What is the units digit of d?
7
Let z = -3 + 6. Suppose -3*p = -z*n - 204, -4*p + 3*p + 98 = 5*n. Suppose -4*o + 47 = -p. What is the tens digit of o?
3
Suppose 0 = 3*x - 2*d - 935, 0*x + 2*x - 640 = -2*d. What is the hundreds digit of x?
3
Suppose -2*i - b + 5944 = 160, i = -4*b + 2885. What is the thousands digit of i?
2
Let c be (12/32*-2)/((-2)/(-8)). Let z(w) = -3*w - 7. What is the units digit of z(c)?
2
Let j = -32 - -14. What is the units digit of 552/9 + (-12)/j - -2?
4
Suppose -25794 = -41*a + 23*a. What is the units digit of a?
3
What is the hundreds digit of 2/49*-7 - 2473/(-7)?
3
Suppose 0 = -2*c + 4*d - 20 - 2, -3*c = d + 12. What is the tens digit of ((-6)/(-15) - 4)*c?
1
Suppose 4*t = 3*t. Suppose t = 6*o - 3*o - 105. What is the tens digit of o?
3
Let n = -81 + 82. What is the units digit of (-20)/4 + n + 230?
6
Suppose 2*r - 2 = 0, 4*y + 3*r - 4*r = -1. Let i = 589 - 581. Suppose y = -f + i + 19. What is the units digit of f?
7
Let t = -106 - -202. What is the tens digit of t?
9
Let v(f) = 12*f**2 + 38*f + 141. What is the hundreds digit of v(-10)?
9
Let k(d) = -5*d + 2. Let u(p) = 6*p - 2. Let i(j) = 7*k(j) + 6*u(j). Let a be i(2). Suppose 5*s + 3*m = 134, 2*s + 2*m + 44 = a*s. What is the units digit of s?
5
Suppose -164 + 5051 = 27*y. What is the tens digit of y?
8
Let k(s) = -s**3 + 5*s**2 + 8*s + 4. Suppose 2*h = -l + 35, 0 = -h + 5*h + 4*l - 60. Suppose -h + 2 = -3*m. What is the tens digit of k(m)?
1
Let t = -987 + 1467. What is the tens digit of t?
8
What is the units digit of 15024/18 + 3/9?
5
Let a = 376 + 43. What is the tens digit of a?
1
Suppose -1 = -4*k - 25. Let u = 85 - 94. What is the units digit of (u/k)/((-2)/(-20))?
5
Let c(v) = v**2 + 8*v + 2. Let o be 8/((-8)/(-2)) + 3. Suppose 3*q + 0*q = 2*x + 30, o*x + 37 = -2*q. What is the tens digit of c(x)?
1
Let i(t) = -6*t - 12. Let w be i(-3). What is the tens digit of w/4*(3 + 19/3)?
1
Suppose -5*r + d + 714 = 0, 0 = 3*d - 0*d - 3. Suppose -5*y - 36 = -u, -r = -4*u - 4*y + 1. What is the tens digit of u?
3
Suppose -3*t + 5 = -2*t. Suppose t*u - 302 = -32. Suppose -6 = -b + 3*h, -h + 4*h - u = -3*b. What is the units digit of b?
5
Suppose 0 = -2*i - 20*i + 11968. What is the tens digit of i?
4
What is the thousands digit of (9 + -2)*-1 - (-1184)/1?
1
Let o(y) = 2*y**2 - 9*y + 14. Let p be o(3). Suppose t - p*t + 568 = 0. What is the units digit of t?
2
Let q be ((-777)/84)/(2/(-88)). Suppose -q = -2*l - 21. What is the units digit of l?
3
Let p(c) = c**2 - 2*c + 2. Let u = -29 - -32. Let k be p(u). Suppose t + 80 = 5*t + 4*d, -k*t + 120 = -5*d. What is the tens digit of t?
2
Suppose 0 = 29*g + 7994 - 36327. What is the units digit of g?
7
Suppose -2*w = w - 3. What is the tens digit of 25 - (w - (-2 + 4))?
2
Suppose -64*o = -49*o - 45. Let d(v) = v**3 + 4*v**2 + 7. Let j